-6*p + 2*p. Suppose -t + 221 = 7*v - 3*v, 0 = -5*v + 3*t + p. Suppose -v = -2*k + k. What is the greatest common divisor of 36 and k?
18
Let u(v) = v**3 - 9*v**2 - 11*v + 12. Let y be u(10). Suppose -3*j - y*j = -90. What is the highest common divisor of 9 and j?
9
Let u(o) be the first derivative of 15*o**2/2 + 3*o - 1. Let l = 5 + -1. Let g be u(l). Calculate the highest common divisor of 7 and g.
7
Let w(h) = 49*h**2 - h**3 - 9 + h - 49*h**2. Let f be w(0). Let m be (24/f)/(-4)*96. What is the greatest common factor of m and 8?
8
Suppose 0 = -5*h + k + 96, -4*k + 7*k = 2*h - 28. Let a be 162/24*160/6. Calculate the highest common divisor of a and h.
20
Let f be -6 - -9 - (-3 + -69). Calculate the greatest common divisor of f and 15.
15
Let n be 30/((-2)/(-6) + (-40)/(-96)). What is the greatest common divisor of n and 20?
20
Suppose 6*b - 3*b - 36 = 0. Calculate the highest common factor of 6 and b.
6
Suppose -2*y + 19 = 5*g, -2 + 1 = g. Calculate the greatest common factor of 12 and y.
12
Let v be 9/(-6) + (-30)/(-4). Let f be v + (-1)/(-1) + -3. Calculate the greatest common divisor of 20 and f.
4
Let i = -18 - -40. What is the highest common factor of 121 and i?
11
Let r be 2*1 + -4*2/4. Let l(f) = -8 + f + 6 + 29 - f**3. Let i be l(r). What is the greatest common divisor of 18 and i?
9
Suppose 0 = -3*p + i + 2*i - 51, -2*p - 31 = -5*i. Let o = 19 - 51. Let k = p - o. What is the highest common factor of 98 and k?
14
Let g be (1/(-1) - 0)*2. Let q(i) be the first derivative of -3*i**2 - 3*i - 9. Let p be q(g). What is the highest common divisor of 63 and p?
9
Let v = -7 - -4. Let g be -4 + v/(9/(-24)). What is the highest common factor of g and 6?
2
Let c(u) = u**2 - 6. Let z be c(-3). Suppose -3*l + 12 = z*o, -4*o - 17 = 3. Let a = 19 + -13. Calculate the greatest common factor of l and a.
3
Let o(n) = -n + 10. Let a(d) = -d + 10. Let y(w) = -5*a(w) + 6*o(w). Let p be y(-6). What is the greatest common divisor of 176 and p?
16
Suppose 0 = -4*g - 5*j + 69, -4*j + 3 = -1. Suppose 5*i = -3*s + 188, 29 - 5 = i + 4*s. What is the highest common divisor of g and i?
8
Suppose 0*p + 2*u - 34 = -4*p, 0 = 2*p - 3*u + 3. Let y = -5 - -8. What is the highest common divisor of p and y?
3
Let t be 1 + 2 - (18 - 41). What is the greatest common divisor of 260 and t?
26
Let j(r) = r**2 + 4*r + 6. Let n be j(-4). Calculate the highest common factor of 2 and n.
2
Suppose -2*x + 24 = 4*p, 0 = -3*p + 1 + 2. What is the greatest common divisor of x and 110?
10
Let n(p) = p - 6. Let m be n(7). Let y be (-15)/(m/((-6)/9)). What is the greatest common divisor of y and 30?
10
Let v be 60/9*(2 - -1). Let u = 31 - 21. Calculate the greatest common factor of v and u.
10
Let k(l) = l**3 + 8*l + 3 - 7*l + 7. Let c be k(0). Calculate the highest common divisor of 10 and c.
10
Suppose -17*u + 15*u + 28 = 0. What is the highest common factor of 2 and u?
2
Suppose 4*a + 4 - 60 = 0. Let p be ((-2)/6)/((-2)/12). Calculate the highest common factor of a and p.
2
Let n = 2 - -2. Suppose s = n*s - 198. What is the highest common factor of s and 6?
6
Let b = 3 + -7. Let z(n) = n**2 - n - 2. Let d be z(b). Let i be (-1 - 0) + 5 + 2. What is the greatest common factor of i and d?
6
Let c = -6 - -8. Suppose -4*b = -5*b + c. What is the highest common factor of b and 2?
2
Suppose q = -2*v + 176, -2*v + 30 = -4*q - 146. What is the highest common factor of 11 and v?
11
Let i be 19/(-2) + 6/4. Let k(x) = 5*x + 2. Let s be k(2). Let f = i + s. Calculate the highest common factor of 10 and f.
2
Let j(w) = w**3 - 3*w**2 - w. Let c be j(4). Let m = -124 - -37. Let a = m - -171. What is the highest common divisor of a and c?
12
Suppose -a + s - 14 = -0*s, 5*s = -5*a - 90. Let x = 26 - a. What is the highest common divisor of x and 63?
21
Suppose 3*o - 4*q - 14 = 0, 4*o + 8*q = 3*q - 33. Let p be (o + 4)/(-1 + 2). Let h = 24 + -16. What is the highest common factor of p and h?
2
Suppose -3*z - 154 = -5*o, o + 4*z - 29 - 11 = 0. Calculate the greatest common factor of o and 352.
32
Suppose -5*r + 7*l = 2*l - 5, 4*l + 2 = 2*r. What is the greatest common factor of r and 1?
1
Let v be -8*(3 - 162/48). Calculate the greatest common divisor of v and 18.
3
Let o(b) = b**2 - 2*b + 1. Let p be o(1). Suppose 3*x = -4*q + 60, 5*x = -3*q - p*x + 56. What is the highest common divisor of q and 8?
4
Let q = -151 - -283. Let i(n) = n**3 + n - 14. Let m be i(0). Let h be (2 - (-4)/m)*7. Calculate the highest common factor of q and h.
12
Suppose -5*q + 25 = -325. Calculate the highest common factor of 14 and q.
14
Let b(f) = -19*f - 2 + 24*f + 2*f**3 + 0*f**3 - 3*f**2. Let z be b(3). What is the greatest common divisor of z and 16?
8
Let q = 6 - -4. Calculate the greatest common divisor of q and 70.
10
Let d = -3 + 0. Let t be 39 - 1*d/3. Calculate the highest common divisor of 5 and t.
5
Suppose 2*h = 4*l + 167 + 17, h - 64 = -5*l. Calculate the highest common divisor of h and 42.
42
Let g(c) = c + 6. Let s be g(6). What is the greatest common divisor of s and 18?
6
Let a be ((-4)/10)/((-1)/30). Let i(z) = -1 + 5*z**2 + 0*z**2 + 7 - 9*z. Let n be i(6). What is the highest common divisor of a and n?
12
Let q(h) be the second derivative of h**4/12 + 5*h**3/6 + 9*h**2/2 + h. Let i be q(-6). Calculate the highest common divisor of 5 and i.
5
Let b(g) = -g**3 + 18*g**2 + 3*g - 8. Let r be b(18). What is the highest common factor of r and 23?
23
Let t = 15 - 11. Suppose -6*r + r - 6 = f, 10 = -5*r. What is the highest common divisor of t and f?
4
Suppose -r + 10 = a - 0, -a - 3*r = -2. Let x = 20 - 13. Let d be (x/4)/(1/12). What is the greatest common factor of a and d?
7
Let q be (-4)/(-10) - (-4)/(-10). Suppose -2*r - 47 = -3*b, 2*b - r + q*r - 30 = 0. Calculate the greatest common divisor of b and 13.
13
Suppose 4*x + 5*n - 30 = 3*x, n = 5*x - 46. Calculate the greatest common divisor of x and 30.
10
Suppose -2*l = -7*l + 225. Calculate the highest common divisor of 5 and l.
5
Let p = -32 + 17. Let q = p - -29. Let r(u) = 17*u**2 + 5*u + 2. Let y be r(-3). Calculate the highest common divisor of y and q.
14
Suppose v - 4 - 1 = 0, 0 = -n - 2*v + 21. What is the highest common factor of n and 88?
11
Let a = 167 - 87. What is the highest common factor of 5 and a?
5
Let x(c) = -7 + 1 - 1 - c. Let h be x(-10). Calculate the greatest common divisor of h and 3.
3
Let x(d) = d + 1. Let m be x(5). Suppose 0 = 5*v - m*v + 8. Suppose -2*j = -16 - v. Calculate the highest common divisor of 8 and j.
4
Let m = 45 - 85. Let s be (6/(-4))/(12/m). Suppose -6*n + n + 125 = 4*k, -k = -4*n - 5. What is the greatest common divisor of s and k?
5
Suppose 3*f - 29 = 49. Let h be (f/3)/((-4)/(-18)). Suppose 3 - h = -y. Calculate the greatest common divisor of y and 12.
12
Let b = -5 + 8. Let w be 19 - (b + -1 + -1). Calculate the highest common divisor of w and 6.
6
Let c(o) be the first derivative of -o**4/4 + 2*o**3/3 + 2*o**2 + 2. Let j be c(3). What is the greatest common factor of 15 and j?
3
Let h = -10 + 16. Suppose 0*x - 18 = -3*x. What is the greatest common divisor of x and h?
6
Let v be ((-286)/(-4))/((-13)/(-26)). Calculate the highest common divisor of v and 13.
13
Suppose -b - 3*t + 16 = 0, 4*t = -3*b + 2*t + 13. Let i be 90/1 - 0/b. What is the highest common divisor of 18 and i?
18
Suppose -2*d = 2*x + 6, -2*x = -4*d - 0*d + 12. Let m be (5 - 5) + (d - -7). Suppose -5*g = -m - 57. What is the greatest common factor of 104 and g?
13
Let x be (-4)/6 - 1952/(-12). What is the greatest common divisor of x and 18?
18
Suppose 765 = 3*j - 0*j. Suppose b - z = 5*b - 340, -z - j = -3*b. What is the greatest common divisor of b and 17?
17
Let w = 11 + 7. Let u(b) = b**3 - 8*b**2 + 20*b - 19. Let x be u(7). Calculate the greatest common divisor of w and x.
18
Let j be 2/5 - 1612/(-20) - -3. Calculate the highest common factor of 24 and j.
12
Suppose 2*v = 18 + 122. Let q(y) = -y - 7. Let n be q(-9). Suppose 3*c - n*c - 10 = 0. What is the highest common factor of c and v?
10
Let m be -1 + 2 + 1 + 1. Let q = 115 - m. What is the greatest common divisor of q and 14?
14
Let b = -7 + 7. Suppose -3*a = 2*w - 230, -3*a + b*a = w - 118. What is the highest common divisor of 14 and w?
14
Let n = 6 + -11. Let i(t) = -2*t - 6. L